{"id":18915,"date":"2026-02-09T11:09:18","date_gmt":"2026-02-09T10:09:18","guid":{"rendered":"https:\/\/plataformavoluntariat.org\/oferta\/apoyo-en-areas-de-neurorrehabilitacion-en-centro-de-dia-y-saipap-aemif\/"},"modified":"2026-02-09T12:29:33","modified_gmt":"2026-02-09T11:29:33","slug":"apoyo-en-areas-de-neurorrehabilitacion-en-centro-de-dia-y-saipap-aemif","status":"publish","type":"oferta","link":"https:\/\/plataformavoluntariat.org\/es\/oferta\/apoyo-en-areas-de-neurorrehabilitacion-en-centro-de-dia-y-saipap-aemif\/","title":{"rendered":"Apoyo en \u00e1reas de neurorrehabilitaci\u00f3n en Centro de D\u00eda y SAIPAP &#8211; AEMIF"},"content":{"rendered":"\n<p>Acompa\u00f1ar a las personas usuarias de AEMIF en sus sesiones de rehabilitaci\u00f3n neurol\u00f3gica.<\/p>\n","protected":false},"excerpt":{"rendered":"<p>Acompa\u00f1ar a las personas usuarias de AEMIF en sus sesiones de rehabilitaci\u00f3n neurol\u00f3gica.<\/p>\n","protected":false},"featured_media":17819,"template":"","meta":{"_acf_changed":false,"_et_pb_use_builder":"off","_et_pb_old_content":"","_et_gb_content_width":"","_monsterinsights_skip_tracking":false,"_monsterinsights_sitenote_active":false,"_monsterinsights_sitenote_note":"","_monsterinsights_sitenote_category":0},"ambit":[1427],"destinataris":[1442],"dia":[1436,1429,1430,1431,1432,1435],"entitat":[1605],"horari":[1417],"lloc":[1464],"municipi":[1489],"class_list":["post-18915","oferta","type-oferta","status-publish","has-post-thumbnail","hentry","ambit-sociosanitario","destinataris-persones-amb-discapacitat-fisica-es","dia-entre-semana","dia-jueves","dia-lunes","dia-martes","dia-miercoles","dia-viernes","entitat-asociacion-de-esclerosis-multiple-de-ibiza-y-formentera-es","horari-manana","lloc-eivissa-es","municipi-eivissa-vila-es"],"acf":[],"_links":{"self":[{"href":"https:\/\/plataformavoluntariat.org\/es\/wp-json\/wp\/v2\/oferta\/18915","targetHints":{"allow":["GET"]}}],"collection":[{"href":"https:\/\/plataformavoluntariat.org\/es\/wp-json\/wp\/v2\/oferta"}],"about":[{"href":"https:\/\/plataformavoluntariat.org\/es\/wp-json\/wp\/v2\/types\/oferta"}],"wp:featuredmedia":[{"embeddable":true,"href":"https:\/\/plataformavoluntariat.org\/es\/wp-json\/wp\/v2\/media\/17819"}],"wp:attachment":[{"href":"https:\/\/plataformavoluntariat.org\/es\/wp-json\/wp\/v2\/media?parent=18915"}],"wp:term":[{"taxonomy":"ambit","embeddable":true,"href":"https:\/\/plataformavoluntariat.org\/es\/wp-json\/wp\/v2\/ambit?post=18915"},{"taxonomy":"destinataris","embeddable":true,"href":"https:\/\/plataformavoluntariat.org\/es\/wp-json\/wp\/v2\/destinataris?post=18915"},{"taxonomy":"dia","embeddable":true,"href":"https:\/\/plataformavoluntariat.org\/es\/wp-json\/wp\/v2\/dia?post=18915"},{"taxonomy":"entitat","embeddable":true,"href":"https:\/\/plataformavoluntariat.org\/es\/wp-json\/wp\/v2\/entitat?post=18915"},{"taxonomy":"horari","embeddable":true,"href":"https:\/\/plataformavoluntariat.org\/es\/wp-json\/wp\/v2\/horari?post=18915"},{"taxonomy":"lloc","embeddable":true,"href":"https:\/\/plataformavoluntariat.org\/es\/wp-json\/wp\/v2\/lloc?post=18915"},{"taxonomy":"municipi","embeddable":true,"href":"https:\/\/plataformavoluntariat.org\/es\/wp-json\/wp\/v2\/municipi?post=18915"}],"curies":[{"name":"wp","href":"https:\/\/api.w.org\/{rel}","templated":true}]}}

Apoyo en áreas de neurorrehabilitación en Centro de Día y SAIPAP &#8211; AEMIF

<p>Acompañar a las personas usuarias de AEMIF en sus sesiones de rehabilitación neurológica.</p>
