{"id":18912,"date":"2026-02-09T10:49:40","date_gmt":"2026-02-09T09:49:40","guid":{"rendered":"https:\/\/plataformavoluntariat.org\/oferta\/programa-de-acompanamiento-y-tiempo-de-respiro-aemif\/"},"modified":"2026-02-09T12:25:46","modified_gmt":"2026-02-09T11:25:46","slug":"programa-de-acompanamiento-y-tiempo-de-respiro-aemif","status":"publish","type":"oferta","link":"https:\/\/plataformavoluntariat.org\/es\/oferta\/programa-de-acompanamiento-y-tiempo-de-respiro-aemif\/","title":{"rendered":"Programa de acompa\u00f1amiento y tiempo de respiro &#8211; AEMIF"},"content":{"rendered":"\n<pre id=\"tw-target-text\" class=\"wp-block-preformatted\">Acompa\u00f1amiento de personas con discapacidad f\u00edsica de origen neurol\u00f3gico para disfrutar de tiempo de ocio.<\/pre>\n","protected":false},"excerpt":{"rendered":"<p>Acompa\u00f1amiento de personas con discapacidad f\u00edsica de origen neurol\u00f3gico para disfrutar de tiempo de ocio.<\/p>\n","protected":false},"featured_media":17819,"template":"","meta":{"_acf_changed":false,"_et_pb_use_builder":"off","_et_pb_old_content":"","_et_gb_content_width":"","_monsterinsights_skip_tracking":false,"_monsterinsights_sitenote_active":false,"_monsterinsights_sitenote_note":"","_monsterinsights_sitenote_category":0},"ambit":[1422,1425,1426],"destinataris":[1442],"dia":[1434,1436,1428,1429,1430,1431,1432,1433,1435],"entitat":[1605],"horari":[1417,1416],"lloc":[1464],"municipi":[1477],"class_list":["post-18912","oferta","type-oferta","status-publish","has-post-thumbnail","hentry","ambit-cultural-es","ambit-ocio-y-tiempo-libre","ambit-social-es","destinataris-persones-amb-discapacitat-fisica-es","dia-domingo","dia-entre-semana","dia-fin-de-semana","dia-jueves","dia-lunes","dia-martes","dia-miercoles","dia-sabado","dia-viernes","entitat-asociacion-de-esclerosis-multiple-de-ibiza-y-formentera-es","horari-manana","horari-tarde","lloc-eivissa-es","municipi-ibiza"],"acf":[],"_links":{"self":[{"href":"https:\/\/plataformavoluntariat.org\/es\/wp-json\/wp\/v2\/oferta\/18912","targetHints":{"allow":["GET"]}}],"collection":[{"href":"https:\/\/plataformavoluntariat.org\/es\/wp-json\/wp\/v2\/oferta"}],"about":[{"href":"https:\/\/plataformavoluntariat.org\/es\/wp-json\/wp\/v2\/types\/oferta"}],"wp:featuredmedia":[{"embeddable":true,"href":"https:\/\/plataformavoluntariat.org\/es\/wp-json\/wp\/v2\/media\/17819"}],"wp:attachment":[{"href":"https:\/\/plataformavoluntariat.org\/es\/wp-json\/wp\/v2\/media?parent=18912"}],"wp:term":[{"taxonomy":"ambit","embeddable":true,"href":"https:\/\/plataformavoluntariat.org\/es\/wp-json\/wp\/v2\/ambit?post=18912"},{"taxonomy":"destinataris","embeddable":true,"href":"https:\/\/plataformavoluntariat.org\/es\/wp-json\/wp\/v2\/destinataris?post=18912"},{"taxonomy":"dia","embeddable":true,"href":"https:\/\/plataformavoluntariat.org\/es\/wp-json\/wp\/v2\/dia?post=18912"},{"taxonomy":"entitat","embeddable":true,"href":"https:\/\/plataformavoluntariat.org\/es\/wp-json\/wp\/v2\/entitat?post=18912"},{"taxonomy":"horari","embeddable":true,"href":"https:\/\/plataformavoluntariat.org\/es\/wp-json\/wp\/v2\/horari?post=18912"},{"taxonomy":"lloc","embeddable":true,"href":"https:\/\/plataformavoluntariat.org\/es\/wp-json\/wp\/v2\/lloc?post=18912"},{"taxonomy":"municipi","embeddable":true,"href":"https:\/\/plataformavoluntariat.org\/es\/wp-json\/wp\/v2\/municipi?post=18912"}],"curies":[{"name":"wp","href":"https:\/\/api.w.org\/{rel}","templated":true}]}}

Programa de acompañamiento y tiempo de respiro &#8211; AEMIF

<pre id="tw-target-text" class="wp-block-preformatted">Acompañamiento de personas con discapacidad física de origen neurológico para disfrutar de tiempo de ocio.</pre>

<p>Acompañamiento de personas con discapacidad física de origen neurológico para disfrutar de tiempo de ocio.</p>
