{"id":18751,"date":"2025-10-13T08:06:53","date_gmt":"2025-10-13T07:06:53","guid":{"rendered":"https:\/\/plataformavoluntariat.org\/oferta\/pequenos-y-pequenos-exploradores-fundacion-ires\/"},"modified":"2025-10-30T09:47:36","modified_gmt":"2025-10-30T08:47:36","slug":"pequenos-y-pequenos-exploradores-fundacion-ires","status":"publish","type":"oferta","link":"https:\/\/plataformavoluntariat.org\/es\/oferta\/pequenos-y-pequenos-exploradores-fundacion-ires\/","title":{"rendered":"Peque\u00f1os y Peque\u00f1os Exploradores &#8211; Fundaci\u00f3n IRES"},"content":{"rendered":"\n<p>Apoyar a la educadora del grupo en la realizaci\u00f3n de las actividades programadas.<\/p>\n","protected":false},"excerpt":{"rendered":"<p>Apoyar a la educadora del grupo en la realizaci\u00f3n de las actividades programadas.<\/p>\n","protected":false},"featured_media":17079,"template":"","meta":{"_acf_changed":false,"_et_pb_use_builder":"off","_et_pb_old_content":"","_et_gb_content_width":"","_monsterinsights_skip_tracking":false,"_monsterinsights_sitenote_active":false,"_monsterinsights_sitenote_note":"","_monsterinsights_sitenote_category":0},"ambit":[1423,1426],"destinataris":[1439],"dia":[1429,1431],"entitat":[1493],"horari":[1416],"lloc":[1455],"municipi":[1457],"class_list":["post-18751","oferta","type-oferta","status-publish","has-post-thumbnail","hentry","ambit-educativo","ambit-social-es","destinataris-infants-i-joves-es","dia-jueves","dia-martes","entitat-fundacio-ires-es","horari-tarde","lloc-mallorca-oest-es","municipi-palma-es"],"acf":[],"_links":{"self":[{"href":"https:\/\/plataformavoluntariat.org\/es\/wp-json\/wp\/v2\/oferta\/18751","targetHints":{"allow":["GET"]}}],"collection":[{"href":"https:\/\/plataformavoluntariat.org\/es\/wp-json\/wp\/v2\/oferta"}],"about":[{"href":"https:\/\/plataformavoluntariat.org\/es\/wp-json\/wp\/v2\/types\/oferta"}],"wp:featuredmedia":[{"embeddable":true,"href":"https:\/\/plataformavoluntariat.org\/es\/wp-json\/wp\/v2\/media\/17079"}],"wp:attachment":[{"href":"https:\/\/plataformavoluntariat.org\/es\/wp-json\/wp\/v2\/media?parent=18751"}],"wp:term":[{"taxonomy":"ambit","embeddable":true,"href":"https:\/\/plataformavoluntariat.org\/es\/wp-json\/wp\/v2\/ambit?post=18751"},{"taxonomy":"destinataris","embeddable":true,"href":"https:\/\/plataformavoluntariat.org\/es\/wp-json\/wp\/v2\/destinataris?post=18751"},{"taxonomy":"dia","embeddable":true,"href":"https:\/\/plataformavoluntariat.org\/es\/wp-json\/wp\/v2\/dia?post=18751"},{"taxonomy":"entitat","embeddable":true,"href":"https:\/\/plataformavoluntariat.org\/es\/wp-json\/wp\/v2\/entitat?post=18751"},{"taxonomy":"horari","embeddable":true,"href":"https:\/\/plataformavoluntariat.org\/es\/wp-json\/wp\/v2\/horari?post=18751"},{"taxonomy":"lloc","embeddable":true,"href":"https:\/\/plataformavoluntariat.org\/es\/wp-json\/wp\/v2\/lloc?post=18751"},{"taxonomy":"municipi","embeddable":true,"href":"https:\/\/plataformavoluntariat.org\/es\/wp-json\/wp\/v2\/municipi?post=18751"}],"curies":[{"name":"wp","href":"https:\/\/api.w.org\/{rel}","templated":true}]}}

Pequeños y Pequeños Exploradores &#8211; Fundación IRES

<p>Apoyar a la educadora del grupo en la realización de las actividades programadas.</p>
